{"id":342,"date":"2024-08-05T16:02:40","date_gmt":"2024-08-05T20:02:40","guid":{"rendered":"https:\/\/dnerhs.mspbs.gov.py\/?page_id=342"},"modified":"2025-04-10T09:25:40","modified_gmt":"2025-04-10T13:25:40","slug":"convenios","status":"publish","type":"page","link":"https:\/\/dnerhs.mspbs.gov.py\/index.php\/convenios\/","title":{"rendered":"Convenios"},"content":{"rendered":"\n<figure class=\"wp-block-image alignwide size-full\"><img decoding=\"async\" loading=\"lazy\" width=\"1920\" height=\"1080\" src=\"https:\/\/dnerhs.mspbs.gov.py\/wp-content\/uploads\/2024\/08\/4-2.jpg\" alt=\"\" class=\"wp-image-650\" srcset=\"https:\/\/dnerhs.mspbs.gov.py\/wp-content\/uploads\/2024\/08\/4-2.jpg 1920w, https:\/\/dnerhs.mspbs.gov.py\/wp-content\/uploads\/2024\/08\/4-2-300x169.jpg 300w, https:\/\/dnerhs.mspbs.gov.py\/wp-content\/uploads\/2024\/08\/4-2-1024x576.jpg 1024w, https:\/\/dnerhs.mspbs.gov.py\/wp-content\/uploads\/2024\/08\/4-2-768x432.jpg 768w, https:\/\/dnerhs.mspbs.gov.py\/wp-content\/uploads\/2024\/08\/4-2-1536x864.jpg 1536w\" sizes=\"(max-width: 1920px) 100vw, 1920px\" \/><\/figure>\n\n\n\n<p>La Direcci\u00f3n de Gesti\u00f3n de la Educaci\u00f3n en el marco de la Pol\u00edtica Nacional de Recursos Humanos en Salud del Paraguay 2020-2030 y dentro de las l\u00edneas de acci\u00f3n de la Estrategia 6: Formaci\u00f3n y Capacitaci\u00f3n de los Recursos Humanos en Salud, gestiona alianzas y convenios entre instituciones formadoras y el sector salud a los efectos de la incorporaci\u00f3n efectiva de normas y protocolos del MSPBS como materiales base en los programas de pregrado, grado y postgrado para la Salud.&nbsp;<\/p>\n\n\n\n<p>Por tanto, la implementaci\u00f3n de los convenios interinstitucionales responde estrat\u00e9gicamente a la PNRHS PY 2020-2030.&nbsp;<\/p>\n\n\n\n<p>Por consiguiente, la DNERHS trabaja con marcos normativos que rigen los procesos de firma de convenios interinstitucionales entre el MSPBS y las Instituciones Formadoras P\u00fablicas y Privadas.&nbsp;<\/p>\n\n\n\n<p>Para el efecto se cuenta con Los siguientes actos administrativos:<\/p>\n\n\n\n<div style=\"height:50px\" aria-hidden=\"true\" class=\"wp-block-spacer\"><\/div>\n\n\n\n<div class=\"is-layout-flex wp-container-13 wp-block-columns\">\n<div class=\"is-layout-flow wp-block-column\">\n<p class=\"has-text-align-center has-white-color has-text-color has-background has-medium-font-size\" style=\"background-color:#ea2428\"><strong>PREGRADO<\/strong><\/p>\n\n\n\n<div style=\"height:25px\" aria-hidden=\"true\" class=\"wp-block-spacer\"><\/div>\n\n\n\n<div class=\"is-content-justification-center is-layout-flex wp-container-1 wp-block-buttons\">\n<div class=\"wp-block-button aligncenter\"><a class=\"wp-block-button__link has-background wp-element-button\" href=\"https:\/\/dnerhs.mspbs.gov.py\/wp-content\/uploads\/2024\/08\/RESOLUCION-S.G.-N\u00b0-328-2022.pdf\" style=\"background-color:#ea2428\" target=\"_blank\" rel=\"noreferrer noopener\">RESOLUCI\u00d3N S.G.N\u00b0 328\/2022<\/a><\/div>\n<\/div>\n\n\n\n<div style=\"height:25px\" aria-hidden=\"true\" class=\"wp-block-spacer\"><\/div>\n\n\n\n<p>POR LA CUAL SE APRUEBAN LOS FORMATOS DE CONVENIOS INTERINSTITUCIONALES ENTRE EL MINISTERIO DE SALUD P\u00daBLICA Y BIENESTAR SOCIAL E INSTITUCIONES FORMADORAS PRIVADAS Y P\u00daBLICAS EN MATERIA DE CARRERAS DE PREGRADO DE TECNICATURAS SUPERIORES EN SALUD, Y SUS DOCUMENTOS COMPLEMENTARIOS.<\/p>\n\n\n\n<p class=\"has-text-align-center\"><strong>* ADENDA *<\/strong><\/p>\n\n\n\n<div class=\"is-content-justification-center is-layout-flex wp-container-2 wp-block-buttons\">\n<div class=\"wp-block-button\"><a class=\"wp-block-button__link has-background wp-element-button\" href=\"https:\/\/dnerhs.mspbs.gov.py\/wp-content\/uploads\/2024\/08\/RESOLUCION-S.G.-N%C2%B0-863-2022.pdf\" style=\"background-color:#ea2428\" target=\"_blank\" rel=\"noreferrer noopener\">RESOLUCI\u00d3N S.G. N\u00b0 863\/2023<\/a><\/div>\n<\/div>\n\n\n\n<div style=\"height:25px\" aria-hidden=\"true\" class=\"wp-block-spacer\"><\/div>\n\n\n\n<p>POR LA CUAL SE MODIFICA LA CL\u00c1USULA D\u00c9CIMO CUARTA \u201cDEL OTORGAMIENTO DE BECAS\u00bb DEL ANEXO DE LOS FORMATOS DE CONVENIOS INTERINSTITUCIONALES ENTRE EL MINISTERIO DE SALUD P\u00daBLICA Y BIENESTAR SOCIAL E INSTITUCIONES FORMADORAS PRIVADAS, EN MATERIA DE CARRERAS DE PREGRADO DE TECNICATURAS SUPERIORES EN SALUD, APROBADA POR RESOLUCI\u00d3N S.G. N\u00b0 328\/2022<\/p>\n\n\n\n<div style=\"height:25px\" aria-hidden=\"true\" class=\"wp-block-spacer\"><\/div>\n\n\n\n<div class=\"is-content-justification-center is-layout-flex wp-container-3 wp-block-buttons\">\n<div class=\"wp-block-button has-custom-font-size has-small-font-size\"><a class=\"wp-block-button__link has-background wp-element-button\" href=\"https:\/\/docs.google.com\/spreadsheets\/d\/1MCfofh34hY0AgrBGl7zL1P7o87RHQAtW9z3_tpGWqwU\/edit?pli=1&amp;gid=0#gid=0\" style=\"background-color:#ea2428\" target=\"_blank\" rel=\"noreferrer noopener\"><strong>LISTADO DE INSTITUCIONES FORMADORAS CON CONVENIOS CON EL MSPBS<\/strong><\/a><\/div>\n<\/div>\n<\/div>\n\n\n\n<div class=\"is-layout-flow wp-block-column\">\n<p class=\"has-text-align-center has-white-color has-text-color has-background has-medium-font-size\" style=\"background-color:#ea2428\"><strong>GRADO<\/strong><\/p>\n\n\n\n<div style=\"height:25px\" aria-hidden=\"true\" class=\"wp-block-spacer\"><\/div>\n\n\n\n<div class=\"is-content-justification-center is-layout-flex wp-container-5 wp-block-buttons\">\n<div class=\"wp-block-button\"><a class=\"wp-block-button__link has-background wp-element-button\" href=\"https:\/\/dnerhs.mspbs.gov.py\/wp-content\/uploads\/2024\/08\/RESOLUCION-S.G.-N\u00b0-292-2022.pdf\" style=\"background-color:#ea2428\" target=\"_blank\" rel=\"noreferrer noopener\">RESOLUCI\u00d3N S.G.N\u00b0 292\/2022<\/a><\/div>\n<\/div>\n\n\n\n<div style=\"height:25px\" aria-hidden=\"true\" class=\"wp-block-spacer\"><\/div>\n\n\n\n<p>POR LA CUAL SE APRUEBAN LOS FORMATOS DE CONVENIOS INTERINSTITUCIONALES ENTRE EL MINISTERIO DE SALUD P\u00daBLICA Y BIENESTAR SOCIAL E INSTITUCIONES FORMADORAS PRIVADAS Y P\u00daBLICAS, EN MATERIA DE CARRERAS DE GRADO, Y LOS DOCUMENTOS COMPLEMENTARIOS; Y SE ABROGAN LAS RESOLUCIONES S.G. N\u00b0 234, DE FECHA 20 DE ABRIL DE 2021, Y S.G. N\u00b0 36, DE FECHA 24 DE ENERO DE 2022.<\/p>\n\n\n\n<p class=\"has-text-align-center\"><strong>* ADENDA * <\/strong><\/p>\n\n\n\n<div class=\"is-content-justification-center is-layout-flex wp-container-6 wp-block-buttons\">\n<div class=\"wp-block-button\"><a class=\"wp-block-button__link has-background wp-element-button\" href=\"https:\/\/dnerhs.mspbs.gov.py\/wp-content\/uploads\/2024\/08\/RESOLUCION-S.G.-N%C2%B0-862-2022.pdf\" style=\"background-color:#ea2428\" target=\"_blank\" rel=\"noreferrer noopener\">RESOLUCI\u00d3N S.G. N\u00b0 862\/2023<\/a><\/div>\n<\/div>\n\n\n\n<div style=\"height:25px\" aria-hidden=\"true\" class=\"wp-block-spacer\"><\/div>\n\n\n\n<p>POR LA CUAL SE MODIFICA LA CL\u00c1USULA QUINTA \u201cDE LAS DOCUMENTACIONES REQUERIDAS PARA LA SUSCRIPCI\u00d3N\u201d DEL ANEXO DE LOS FORMATOS DE CONVENIOS INTERINSTITUCIONALES ENTRE EL MINISTERIO DE SALUD P\u00daBLICA Y BIENESTAR SOCIAL E INSTITUCIONES FORMADORAS PRIVADAS Y P\u00daBLICAS Y, LA CL\u00c1USULA D\u00c9CIMO CUARTA \u201cDEL OTORGAMIENTO DE BECAS\u00bb DEL ANEXO DE LOS FORMATOS DE CONVENIOS CON LAS INSTITUCIONES FORMADORAS PRIVADAS, EN MATERIA DE CARRER\/IS DE GRADO, APROBADAS POR RESOLUCI\u00f3N S.C. N\u00b0 292\/2022<\/p>\n\n\n\n<div style=\"height:25px\" aria-hidden=\"true\" class=\"wp-block-spacer\"><\/div>\n\n\n\n<div class=\"is-layout-flex wp-block-buttons\">\n<div class=\"wp-block-button has-custom-font-size has-small-font-size\"><a class=\"wp-block-button__link has-background wp-element-button\" href=\"https:\/\/docs.google.com\/spreadsheets\/d\/1FBp0-9CpaMQsAX0JL4B67vCcEcWwFFYro9CNrdFVrnM\/edit?gid=0#gid=0\" style=\"background-color:#ea2428\" target=\"_blank\" rel=\"noreferrer noopener\"><strong>LISTADO DE INSTITUCIONES FORMADORAS CON CONVENIOS CON EL MSPBS<\/strong><\/a><\/div>\n<\/div>\n<\/div>\n\n\n\n<div class=\"is-layout-flow wp-block-column\">\n<p class=\"has-text-align-center has-white-color has-text-color has-background has-medium-font-size\" style=\"background-color:#ea2428\"><strong>POSTGRADO<\/strong><\/p>\n\n\n\n<div style=\"height:25px\" aria-hidden=\"true\" class=\"wp-block-spacer\"><\/div>\n\n\n\n<div class=\"is-content-justification-center is-layout-flex wp-container-9 wp-block-buttons\">\n<div class=\"wp-block-button\"><a class=\"wp-block-button__link has-white-color has-text-color has-background wp-element-button\" href=\"https:\/\/dnerhs.mspbs.gov.py\/wp-content\/uploads\/2024\/08\/RESOLUCION-S.G.-N\u00b0-01-2022.pdf\" style=\"background-color:#ea2428\" target=\"_blank\" rel=\"noreferrer noopener\">RESOLUCI\u00d3N S.G.N\u00b0 01\/2022<\/a><\/div>\n<\/div>\n\n\n\n<div style=\"height:25px\" aria-hidden=\"true\" class=\"wp-block-spacer\"><\/div>\n\n\n\n<p>POR LA CUAL SE APRUEBA EL FORMATO DE CONVENIO INTERINSTITUCIONAL ENTRE EL MINISTERIO DE SALUD P\u00daBLICA Y BIENESTAR SOCIAL E INSTITUCIONES FORMADORAS PRIVADAS Y P\u00daBLICAS EN MATERIA DE PROGRAMAS DE POSTGRADO, AS\u00cd COMO SUS DOCUMENTOS COMPLEMENTARIOS; Y SE ABROGA LA RESOLUCI\u00d3N S.G. N\u00b0 731, DE FECHA 24 DE DICIEMBRE DE 2020.<\/p>\n\n\n\n<p class=\"has-text-align-center\"><strong>* ADENDA *<\/strong><\/p>\n\n\n\n<div class=\"is-content-justification-center is-layout-flex wp-container-10 wp-block-buttons\">\n<div class=\"wp-block-button\"><a class=\"wp-block-button__link has-background wp-element-button\" href=\"https:\/\/dnerhs.mspbs.gov.py\/wp-content\/uploads\/2024\/08\/RESOLUCION-S.G.-N%C2%B0-861-2022.pdf\" style=\"background-color:#ea2428\" target=\"_blank\" rel=\"noreferrer noopener\">RESOLUCI\u00d3N S.G. N\u00b0 861\/2023<\/a><\/div>\n<\/div>\n\n\n\n<div style=\"height:25px\" aria-hidden=\"true\" class=\"wp-block-spacer\"><\/div>\n\n\n\n<p>POR LA CUAL SE MODIFICA LA CL\u00c1USULA CUARTA DEL ANEXO DEL FORMATO DEL CONVENIO INTERINSTITUCIONAL ENTRE EL MINISTERIO DE SALUD P\u00daBLICA Y BIENESTAR SOCIAL E INSTITUCIONES FORMADORAS PRIVADAS Y P\u00daBLICAS, Y LA CL\u00c1USULA D\u00c9CIMO TERCERA DEL ANEXO DEL FORMATO DEL CONVENIO INTERINSTITUCIONAL CON INSTITUCIONES FORMADORAS PRIVADAS Y P\u00daBLICAS, EN MATERIA DE PROGRAMAS DE POSTGRADO APROBADAS POR RESOLUCI\u00d3N S.G. N\u00b0 01\/2022<\/p>\n\n\n\n<div style=\"height:25px\" aria-hidden=\"true\" class=\"wp-block-spacer\"><\/div>\n\n\n\n<div class=\"is-layout-flex wp-block-buttons\">\n<div class=\"wp-block-button has-custom-font-size has-small-font-size\"><a class=\"wp-block-button__link has-background wp-element-button\" href=\"https:\/\/docs.google.com\/spreadsheets\/d\/1LRVxOOKPk6T4Wo6kMSArSF_LAAVKAPDHZVbUsOTMWHc\/edit?gid=0#gid=0\" style=\"background-color:#ea2428\" target=\"_blank\" rel=\"noreferrer noopener\"><strong>LISTADO DE INSTITUCIONES FORMADORAS CON CONVENIOS CON EL MSPBS<\/strong><\/a><\/div>\n<\/div>\n<\/div>\n<\/div>\n\n\n\n<div style=\"height:70px\" aria-hidden=\"true\" class=\"wp-block-spacer\"><\/div>\n\n\n\n<div class=\"is-content-justification-center is-layout-flex wp-container-14 wp-block-buttons alignwide\">\n<div class=\"wp-block-button\"><a class=\"wp-block-button__link has-background wp-element-button\" href=\"https:\/\/docs.google.com\/spreadsheets\/d\/1esBSQ8IHwyHj-GKIZgjVV2_xnKKgH2ENca1QXpmRiGA\/edit?usp=sharing\" style=\"border-radius:8px;background-color:#ea2428\" target=\"_blank\" rel=\"noreferrer noopener\">ESTABLECIMIENTOS DE SALUD QUE FUNGEN COMO CAMPOS DE PR\u00c1CTICA<\/a><\/div>\n<\/div>\n\n\n\n<div style=\"height:70px\" aria-hidden=\"true\" class=\"wp-block-spacer\"><\/div>\n\n\n\n<p>Los convenios marco son suscritos entre la m\u00e1xima autoridad del MSPBS y la m\u00e1xima autoridad de las Instituciones Formadoras,los&nbsp; cuales son de alta relevancia ya que se pretende que los programas de formaci\u00f3n est\u00e9n alineados con las necesidades y est\u00e1ndares del Sistema Nacional de Salud, como tambi\u00e9n ofrecen a los estudiantes oportunidades para realizar pr\u00e1cticas y pasant\u00edas en entornos reales de trabajo enriqueciendo su formaci\u00f3n. As\u00ed tambi\u00e9n, en ellos se contempla el fortalecimiento de los Servicios de Salud y Programas de Becas constituyendo un marco formal de cooperaci\u00f3n para el logro de los objetivos trazados en beneficio de la comunidad a la que sirven.<\/p>\n\n\n\n<div style=\"height:25px\" aria-hidden=\"true\" class=\"wp-block-spacer\"><\/div>\n\n\n\n<div class=\"is-layout-flex wp-container-19 wp-block-columns\">\n<div class=\"is-layout-flow wp-block-column\">\n<div class=\"is-content-justification-right is-layout-flex wp-container-15 wp-block-buttons\">\n<div class=\"wp-block-button\"><a class=\"wp-block-button__link has-background wp-element-button\" href=\"https:\/\/dnerhs.mspbs.gov.py\/index.php\/category\/noticias\/contrapartidas\/entregadecontrapartidas\/\" style=\"background-color:#ea2428\" target=\"_blank\" rel=\"noreferrer noopener\"><strong>Fortalecimiento de los Servicios de Salud<\/strong><\/a><\/div>\n<\/div>\n<\/div>\n\n\n\n<div class=\"is-layout-flow wp-block-column\">\n<div class=\"is-content-justification-left is-layout-flex wp-container-17 wp-block-buttons\">\n<div class=\"wp-block-button\"><a class=\"wp-block-button__link has-background wp-element-button\" href=\"https:\/\/dnerhs.mspbs.gov.py\/index.php\/becas\/\" style=\"background-color:#ea2428\" target=\"_blank\" rel=\"noreferrer noopener\"><strong>Programas de Becas<\/strong><\/a><\/div>\n<\/div>\n<\/div>\n<\/div>\n\n\n\n<div class=\"is-content-justification-left is-layout-flex wp-container-20 wp-block-buttons\"><\/div>\n\n\n\n<div style=\"height:25px\" aria-hidden=\"true\" class=\"wp-block-spacer\"><\/div>\n\n\n\n<p><strong>Para contacto, consultas y solicitud de materiales, la Direcci\u00f3n de Gesti\u00f3n de la Educaci\u00f3n de la DNERHS cuenta con un correo dedicado:<\/strong> <a rel=\"noreferrer noopener\" href=\"mailto:dnerhs.dge@mspbs.gov.py\" target=\"_blank\">dnerhs.dge@mspbs.gov.py<\/a><\/p>\n","protected":false},"excerpt":{"rendered":"<p>La Direcci\u00f3n de Gesti\u00f3n de la Educaci\u00f3n en el marco de la Pol\u00edtica Nacional de Recursos Humanos en Salud del<\/p>\n","protected":false},"author":2,"featured_media":0,"parent":0,"menu_order":0,"comment_status":"closed","ping_status":"closed","template":"","meta":[],"_links":{"self":[{"href":"https:\/\/dnerhs.mspbs.gov.py\/index.php\/wp-json\/wp\/v2\/pages\/342"}],"collection":[{"href":"https:\/\/dnerhs.mspbs.gov.py\/index.php\/wp-json\/wp\/v2\/pages"}],"about":[{"href":"https:\/\/dnerhs.mspbs.gov.py\/index.php\/wp-json\/wp\/v2\/types\/page"}],"author":[{"embeddable":true,"href":"https:\/\/dnerhs.mspbs.gov.py\/index.php\/wp-json\/wp\/v2\/users\/2"}],"replies":[{"embeddable":true,"href":"https:\/\/dnerhs.mspbs.gov.py\/index.php\/wp-json\/wp\/v2\/comments?post=342"}],"version-history":[{"count":30,"href":"https:\/\/dnerhs.mspbs.gov.py\/index.php\/wp-json\/wp\/v2\/pages\/342\/revisions"}],"predecessor-version":[{"id":1494,"href":"https:\/\/dnerhs.mspbs.gov.py\/index.php\/wp-json\/wp\/v2\/pages\/342\/revisions\/1494"}],"wp:attachment":[{"href":"https:\/\/dnerhs.mspbs.gov.py\/index.php\/wp-json\/wp\/v2\/media?parent=342"}],"curies":[{"name":"wp","href":"https:\/\/api.w.org\/{rel}","templated":true}]}}