{"id":320,"date":"2024-06-25T14:24:42","date_gmt":"2024-06-25T18:24:42","guid":{"rendered":"https:\/\/dnerhs.mspbs.gov.py\/?page_id=320"},"modified":"2024-07-24T16:29:57","modified_gmt":"2024-07-24T20:29:57","slug":"manual-de-funciones","status":"publish","type":"page","link":"https:\/\/dnerhs.mspbs.gov.py\/index.php\/manual-de-funciones\/","title":{"rendered":"Manual de Funciones"},"content":{"rendered":"\n<div class=\"is-layout-flex wp-block-buttons\">\n<div class=\"wp-block-button has-custom-width wp-block-button__width-100 is-style-fill\"><a class=\"wp-block-button__link has-background wp-element-button\" href=\"https:\/\/dnerhs.mspbs.gov.py\/wp-content\/uploads\/2024\/06\/Resolucion-S.G.-N%C2%B0-369-2023.pdf\" style=\"background-color:#ea2428\" target=\"_blank\" rel=\"noreferrer noopener\">RESOLUCI\u00d3N S. G. N\u00b0 369\/2023<\/a><\/div>\n<\/div>\n\n\n\n<div style=\"height:25px\" aria-hidden=\"true\" class=\"wp-block-spacer\"><\/div>\n\n\n\n<p>POR LA CUAL SE MODIFICA LA DENOMINACI\u00d3N DE UNIDADES ORG\u00c1NICAS QUE COMPONEN EL ORGANIGRAMA DE LA DIRECCI\u00d3N NACIONAL ESTRAT\u00c9GICA DE RECURSOS HUMANOS EN SALUD, Y SE APRUEBA EL MANUAL DE FUNCIONES Y PERFILES.<\/p>\n","protected":false},"excerpt":{"rendered":"<p>POR LA CUAL SE MODIFICA LA DENOMINACI\u00d3N DE UNIDADES ORG\u00c1NICAS QUE COMPONEN EL ORGANIGRAMA DE LA DIRECCI\u00d3N NACIONAL ESTRAT\u00c9GICA DE<\/p>\n","protected":false},"author":2,"featured_media":0,"parent":0,"menu_order":0,"comment_status":"closed","ping_status":"closed","template":"","meta":[],"_links":{"self":[{"href":"https:\/\/dnerhs.mspbs.gov.py\/index.php\/wp-json\/wp\/v2\/pages\/320"}],"collection":[{"href":"https:\/\/dnerhs.mspbs.gov.py\/index.php\/wp-json\/wp\/v2\/pages"}],"about":[{"href":"https:\/\/dnerhs.mspbs.gov.py\/index.php\/wp-json\/wp\/v2\/types\/page"}],"author":[{"embeddable":true,"href":"https:\/\/dnerhs.mspbs.gov.py\/index.php\/wp-json\/wp\/v2\/users\/2"}],"replies":[{"embeddable":true,"href":"https:\/\/dnerhs.mspbs.gov.py\/index.php\/wp-json\/wp\/v2\/comments?post=320"}],"version-history":[{"count":2,"href":"https:\/\/dnerhs.mspbs.gov.py\/index.php\/wp-json\/wp\/v2\/pages\/320\/revisions"}],"predecessor-version":[{"id":511,"href":"https:\/\/dnerhs.mspbs.gov.py\/index.php\/wp-json\/wp\/v2\/pages\/320\/revisions\/511"}],"wp:attachment":[{"href":"https:\/\/dnerhs.mspbs.gov.py\/index.php\/wp-json\/wp\/v2\/media?parent=320"}],"curies":[{"name":"wp","href":"https:\/\/api.w.org\/{rel}","templated":true}]}}