{"id":240,"date":"2024-06-18T09:00:27","date_gmt":"2024-06-18T13:00:27","guid":{"rendered":"https:\/\/dnerhs.mspbs.gov.py\/?page_id=240"},"modified":"2024-06-25T14:02:01","modified_gmt":"2024-06-25T18:02:01","slug":"quienes-somos","status":"publish","type":"page","link":"https:\/\/dnerhs.mspbs.gov.py\/index.php\/quienes-somos\/","title":{"rendered":"Qui\u00e9nes Somos"},"content":{"rendered":"\n<div style=\"height:25px\" aria-hidden=\"true\" class=\"wp-block-spacer\"><\/div>\n\n\n\n<p>La Direcci\u00f3n Nacional Estrat\u00e9gica de Recursos Humanos en Salud (DNERHS) es una instituci\u00f3n dependiente del Ministerio de Salud P\u00fablica y Bienestar Social la cual fue creada el 14 de abril de 2009 por <a rel=\"noreferrer noopener\" href=\"https:\/\/dnerhs.mspbs.gov.py\/wp-content\/uploads\/2024\/06\/RESOLUCION-184-2009.pdf\" data-type=\"URL\" data-id=\"https:\/\/dnerhs.mspbs.gov.py\/wp-content\/uploads\/2024\/06\/RESOLUCION-184-2009.pdf\" target=\"_blank\">Resoluci\u00f3n S.G. N\u00b0 184\/2009<\/a>  con el objetivo de impulsar y desarrollar los recursos humanos en el sector salud de Paraguay.<\/p>\n\n\n\n<p><\/p>\n\n\n\n<figure class=\"wp-block-image size-large is-resized\"><img decoding=\"async\" loading=\"lazy\" src=\"https:\/\/dnerhs.mspbs.gov.py\/wp-content\/uploads\/2024\/06\/FACHADA-DNERHS-1024x495.jpg\" alt=\"\" class=\"wp-image-265\" width=\"1140\" height=\"552\" srcset=\"https:\/\/dnerhs.mspbs.gov.py\/wp-content\/uploads\/2024\/06\/FACHADA-DNERHS-1024x495.jpg 1024w, https:\/\/dnerhs.mspbs.gov.py\/wp-content\/uploads\/2024\/06\/FACHADA-DNERHS-300x145.jpg 300w, https:\/\/dnerhs.mspbs.gov.py\/wp-content\/uploads\/2024\/06\/FACHADA-DNERHS-768x371.jpg 768w, https:\/\/dnerhs.mspbs.gov.py\/wp-content\/uploads\/2024\/06\/FACHADA-DNERHS-1536x742.jpg 1536w, https:\/\/dnerhs.mspbs.gov.py\/wp-content\/uploads\/2024\/06\/FACHADA-DNERHS-2048x989.jpg 2048w\" sizes=\"(max-width: 1140px) 100vw, 1140px\" \/><\/figure>\n\n\n\n<p><\/p>\n\n\n\n<p><strong>Visi\u00f3n<\/strong><\/p>\n\n\n\n<p>Nuestra visi\u00f3n es estimular y desarrollar los recursos humanos en salud mediante pol\u00edticas p\u00fablicas efectivas del Ministerio de Salud P\u00fablica y Bienestar Social. Nos enfocamos en dise\u00f1ar y elaborar instrumentos que mejoren el desempe\u00f1o de los trabajadores de la salud en todo el pa\u00eds.<\/p>\n\n\n\n<p><\/p>\n\n\n\n<p><strong>Misi\u00f3n<\/strong><\/p>\n\n\n\n<p>Nuestra misi\u00f3n es desarrollar e implementar una pol\u00edtica de planificaci\u00f3n estrat\u00e9gica de Recursos Humanos en Salud. Nos centramos en la normativa, gesti\u00f3n de la educaci\u00f3n, gesti\u00f3n laboral, regulaci\u00f3n y evaluaci\u00f3n, con el fin de fomentar un proceso continuo de mejora de la fuerza de trabajo en salud.<\/p>\n\n\n\n<div style=\"height:25px\" aria-hidden=\"true\" class=\"wp-block-spacer\"><\/div>\n","protected":false},"excerpt":{"rendered":"<p>La Direcci\u00f3n Nacional Estrat\u00e9gica de Recursos Humanos en Salud (DNERHS) es una instituci\u00f3n dependiente del Ministerio de Salud P\u00fablica y<\/p>\n","protected":false},"author":2,"featured_media":0,"parent":0,"menu_order":0,"comment_status":"closed","ping_status":"closed","template":"","meta":[],"_links":{"self":[{"href":"https:\/\/dnerhs.mspbs.gov.py\/index.php\/wp-json\/wp\/v2\/pages\/240"}],"collection":[{"href":"https:\/\/dnerhs.mspbs.gov.py\/index.php\/wp-json\/wp\/v2\/pages"}],"about":[{"href":"https:\/\/dnerhs.mspbs.gov.py\/index.php\/wp-json\/wp\/v2\/types\/page"}],"author":[{"embeddable":true,"href":"https:\/\/dnerhs.mspbs.gov.py\/index.php\/wp-json\/wp\/v2\/users\/2"}],"replies":[{"embeddable":true,"href":"https:\/\/dnerhs.mspbs.gov.py\/index.php\/wp-json\/wp\/v2\/comments?post=240"}],"version-history":[{"count":16,"href":"https:\/\/dnerhs.mspbs.gov.py\/index.php\/wp-json\/wp\/v2\/pages\/240\/revisions"}],"predecessor-version":[{"id":318,"href":"https:\/\/dnerhs.mspbs.gov.py\/index.php\/wp-json\/wp\/v2\/pages\/240\/revisions\/318"}],"wp:attachment":[{"href":"https:\/\/dnerhs.mspbs.gov.py\/index.php\/wp-json\/wp\/v2\/media?parent=240"}],"curies":[{"name":"wp","href":"https:\/\/api.w.org\/{rel}","templated":true}]}}